5/2*m**2 + 7/6*m**4 + 0 + 1/20*m**5 - 19*m + 13/6*m**3. List the prime factors of g(-13).
3, 5
Suppose -1176*t = -1164*t - 235560. What are the prime factors of t?
2, 5, 13, 151
Let g = 27 + -88. Let w be 3 - (0 + (-6)/(-2)). What are the prime factors of (w - g/(-3))/((-16)/48)?
61
Let l(w) = 515*w + 962. What are the prime factors of l(15)?
7, 17, 73
Let q = 8 - -4270. List the prime factors of q.
2, 3, 23, 31
Suppose -p + 85 = 5*q - 525, 4*p = 5*q - 585. Suppose x - q = -3*v, -2*x + 4*x - 203 = -5*v. What are the prime factors of v?
3, 13
Suppose 0 = 22*h - 76*h + 3161 + 2887. Suppose 0 = 3*t - 2*v + 46, 3*t + 5*v + 11 = -0. What are the prime factors of 6/9 - h/t?
2, 5
Let z = 208 - 126. Let w = 617 - z. List the prime factors of w.
5, 107
Suppose -7527 - 2470 = -f. List the prime factors of f.
13, 769
Let l(q) = -40*q**3 - 21*q**2 - 75*q + 19. List the prime factors of l(-6).
8353
Suppose 5*m - 233280 = -2*a + 5*a, 139972 = 3*m - a. What are the prime factors of m?
3, 103, 151
Let n = 82 - -6. What are the prime factors of n/(7*(-2)/(-77))?
2, 11
Suppose -4*g + 21 = 33. What are the prime factors of 250 + (g/(-6) - (-9)/6)?
2, 3, 7
Let m = 431 + -426. Let s(v) = 24*v + 3. Let r be s(-2). List the prime factors of -7 + 8 - 3 - m*r.
223
Let h(g) be the third derivative of -3*g**4 - 37*g**3/3 - g**2 + 36. What are the prime factors of h(-11)?
2, 359
Let c(a) = 11 + 5*a**2 + 8 + 8 + 29*a - 22. Let q be c(-6). Suppose -250 = q*i - 13*i. What are the prime factors of i?
5
Suppose 2*s - 122 + 27 = -5*h, -4*s + 5*h = -145. Suppose 0 = -5*p + 5*v + 2945, -609 = -41*p + s*p + 5*v. List the prime factors of p.
2, 73
Suppose s - 4*s = 2*s. Suppose s = 3*z + 6, -8*n - z = -10*n + 742. List the prime factors of n.
2, 5, 37
Let p be (0 + -1 - -2)*(18 - 17). Let v(r) = 497*r**3 + r - 2. List the prime factors of v(p).
2, 31
Suppose -4*b - 1189 = i - 3954, -3*i - 2777 = -4*b. Let s = b + -28. List the prime factors of s.
2, 83
Suppose 48*v = 53*v - 20, 88688 = 5*f - 3*v. List the prime factors of f.
2, 5, 887
Let p(k) = -28*k - 76. List the prime factors of p(-75).
2, 11, 23
Let w = 29 + -17. Suppose -w*j = -9*j - 312. What are the prime factors of j?
2, 13
Let s(w) = 1502*w**2 + 89*w - 354. What are the prime factors of s(5)?
3, 12547
Let n be (-24)/(-9) - 10/(-30). Suppose -7*m + n*m = 316. Let j = 117 + m. What are the prime factors of j?
2, 19
Let x(k) = -k**3 - 3*k**2 + 13*k - 7. Let o be x(-6). Let i(t) = -o - 20 - 14*t - 6 + 9. List the prime factors of i(-6).
2, 11
Let i(f) = -f**3 + 8*f**2 - 2*f - 1. Let t be i(8). Let l(j) = -2*j**3 + 2*j**2 - 6*j + 9. Let y be l(3). Let b = t - y. What are the prime factors of b?
2, 7
Let v be 6/(-4)*-1*2. Let w be 357 + v + 8/(-2). Suppose 4*d - w + 24 = 0. What are the prime factors of d?
83
Suppose -1176 = -23*x - x. Suppose 6*q = q + c + 97, -2*q + x = 3*c. List the prime factors of q.
2, 5
Suppose -3*u = 3*f - 18, -u + 4*f - 5 = 14. Let b be (-3 + u)*-285 - (-4 + 4). Suppose 4*q = -q + b. What are the prime factors of q?
2, 3, 19
Let v(r) = 49*r**2 + 54*r**2 - 153*r**2 - 11 + 3*r**3 + 61*r**2 + 12*r - 2*r**3. Suppose -5 = 2*z + 13. List the prime factors of v(z).
43
Let d = 85892 - 56768. What are the prime factors of d?
2, 3, 809
Suppose 0 = -2*j + 15911 + 8835. What are the prime factors of j?
12373
Let n(u) = -u**2 - 8*u + 5. Let x be n(-9). Let f be 5*3*(x/(-3) + -2). Let p = 192 - f. List the prime factors of p.
2, 101
Let k(v) = 35*v - 30 + 342*v**2 + 335*v**2 - 678*v**2. List the prime factors of k(9).
2, 3, 17
Let o(s) = s**3 - 4*s**2 - 15*s + 48. Let c be o(6). What are the prime factors of c/(-5) - (-2912)/4?
2, 19
Suppose 2*t + 111200 = 3*j + 37864, -j = 3*t - 24460. List the prime factors of j.
2, 191
Suppose -421 = -6*k + 1937. Let l = k - 299. What are the prime factors of l?
2, 47
Let b be (-1 - 0)*6/(-12)*1042. Suppose 4*g + b = 1989. Let z = g - 217. List the prime factors of z.
2, 3, 5
Suppose -4*t + 7*t - 78591 = 2*s, -3*t + 3*s = -78588. List the prime factors of t.
3, 41, 71
Suppose 0 = 3*f + 4*x - 132, x - 75 - 8 = -2*f. Suppose -a - 15 - f = 0. List the prime factors of ((-66)/a)/((6/380)/1).
2, 19
Let s(u) = -62*u. Let b be s(1). What are the prime factors of 15968/26 + b/403?
2, 307
Let j(a) = 7*a - 159. Let g be j(23). Suppose 10*l - 701 = 7*l - g*x, 4*l + 5*x - 923 = 0. List the prime factors of l.
3, 79
Let p(v) = 41 - 21*v + 31 + 16. What are the prime factors of p(-13)?
19
Suppose 0 = h + 5*a - 14531 - 21105, 9*h = -5*a + 320684. What are the prime factors of h?
3, 37, 107
Let w = -2221 - -2244. Let i = -2 - -2. Suppose i = 3*v + n - 3*n - w, 28 = 4*v - 2*n. List the prime factors of v.
5
Let t = 23206 - 249. List the prime factors of t.
11, 2087
Let k(s) = -43*s**3 + 3*s**2 + 5*s - 7. Let p be k(3). Let b = p + 2014. List the prime factors of b.
2, 3, 37
Let r(x) = -x**2 + 2*x + 3. Let k be r(4). Let l(m) = 2*m**2 - 1 - m**2 + 0*m + m**2 - m. What are the prime factors of l(k)?
2, 3
Suppose -185654 - 530622 = -73*u. What are the prime factors of u?
2, 11, 223
Suppose 4*k = -5*w + 119974, -119962 = -5*w + 55*k - 62*k. What are the prime factors of w?
2, 13, 71
Let m = 3000 - 1997. What are the prime factors of m?
17, 59
Let q(r) = r**2 + 14*r - 11. Let h be q(-15). Suppose -h*b = -3144 + 624. Suppose -3*g + 2*g + 5*y = -122, -5*g = -5*y - b. What are the prime factors of g?
127
Let f = 0 - -13. Suppose -5*i = -4*u - 22, 5*i + 3*u - f = 4*u. Suppose -40 = -c - i. What are the prime factors of c?
2, 19
Suppose 70 = 3*o + 4*j, j = -2*o - 3*o + 128. What are the prime factors of (o + -59)/((-6)/76)?
2, 11, 19
Let c be 26/(-130) - (-2258)/(-10). Let h = 988 + c. What are the prime factors of h?
2, 3, 127
Suppose 10*h + 5 = 11*h. Suppose 10 = h*q - 5*j, 4*q + 9 = -4*j + 1. Suppose -2*c + 2*i + 166 = 0, -3*c + 5*i + 330 - 87 = q. List the prime factors of c.
2, 43
Let x(p) = 244*p**2 + 54*p - 10. List the prime factors of x(13).
2, 3, 1747
Let z(u) be the third derivative of 2*u**5/5 - 6*u**3 - 4*u**2 - u. What are the prime factors of z(-5)?
2, 3, 47
Suppose 13 + 11 = -3*v + 2*w, 5*w - 27 = 2*v. List the prime factors of (-12 - -6)/(-36) + (-2021)/v.
337
Let x(n) = 7*n**2 - 18*n + 76. Suppose 0 = 17*v - 2*v - 90. What are the prime factors of x(v)?
2, 5, 11
Let i be 1 + (-16)/12 - 40/(-12). Suppose -i*x + o = -1976, 2*x - 1320 = 2*o - 4*o. What are the prime factors of x?
659
Suppose 15000 = -11*n + 105651. What are the prime factors of n?
3, 41, 67
Let v(z) = -z**3 + 14*z**2 + 123*z + 14. Let f be v(-6). Suppose -n = -3*g - 15 - 7, -3*n = -12. List the prime factors of (-27 + f)*(g - -2).
2, 31
Suppose -2*o - 55 = -5*f, -4*o - 36 = -2*f + 2. Let p(j) = j - 5. Let r be p(f). Suppose -5*c + r*n + 225 = 0, -3*c + n = 92 - 220. List the prime factors of c.
41
Let a(s) = -s**3 + 13*s**2 + 92*s + 25. Let y be a(17). Let v = y + -224. What are the prime factors of v?
11, 19
Suppose l - 2*l = -2*b - 48, -l - 2 = 0. Let m be 10/b - (-3786)/15. Suppose m = 3*j + 5*w, 0*j - 336 = -4*j - 4*w. List the prime factors of j.
2, 3, 7
List the prime factors of 80*9459*(-6)/(-270).
2, 1051
Let d(f) = -3135*f + 5796. What are the prime factors of d(-5)?
3, 17, 421
Let f(d) = -9*d + 2. Let t(m) = m. Let z(n) = -f(n) - 4*t(n). Let u be z(1). Suppose u*w = 2*x - 109, 5*w = -4*x + w + 208. What are the prime factors of x?
53
Let b(x) = -36*x - 26. Let d(h) = h**3 + 31*h**2 - 30*h + 62. Let t be d(-32). List the prime factors of b(t).
2, 23
Let i be (-4)/(-6)*(-474)/(-4). Let j = 78 - i. Let w(t) = -141*t - 3. List the prime factors of w(j).
2, 3, 23
Let y = -701 + 1489. Suppose -5*t + x = -3*x - 979, 2*x + y = 4*t. List the prime factors of t.
199
Let b(s) = -1 - 4*s + 15*s + 5*s - 6*s + s**2. Let p be b(-20). Suppose 3*t = 3*m + p - 55, -2*t = 3*m - 116. List the prime factors of t.
2, 13
Suppose 1263586 = 98*h - 348906. List the prime factors of h.
2, 19, 433
Suppose 630880 = -5151*n + 5191*n. List the prime factors of n.
2, 3943
Let x be (5640/(-6))/(4/(-8)). Suppose -5*q = 2*g - 2351, x = -77*q + 81*q + 2*g. What are the prime factors of q?
3, 157
Let w(z) = 15*z**2 + 229*z - 136. List the prime factors of w(-41).
2, 3, 5, 523
Suppose 0 = -6*m + 22*k - 19*k + 325386, 3*m + 4*k - 162649 = 0. What 